?
19
Calculate the remainder when 22740628 is divided by 812165.
8
What is the remainder when 9249 is divided by 564?
225
Calculate the remainder when 34056358 is divided by 342.
340
What is the remainder when 586010789 is divided by 289?
287
Calculate the remainder when 1867282 is divided by 2936.
2922
What is the remainder when 2284639 is divided by 42?
7
What is the remainder when 2653345 is divided by 884443?
16
What is the remainder when 11287087 is divided by 221?
175
What is the remainder when 58083100 is divided by 2?
0
Calculate the remainder when 9042 is divided by 6923.
2119
What is the remainder when 26744725 is divided by 9156?
49
What is the remainder when 121594779 is divided by 4?
3
Calculate the remainder when 3401857 is divided by 5825.
57
Calculate the remainder when 4242600 is divided by 98665.
5
Calculate the remainder when 498639 is divided by 498634.
5
Calculate the remainder when 12881996 is divided by 381.
5
Calculate the remainder when 151835 is divided by 72959.
5917
What is the remainder when 80649512 is divided by 1701?
1700
What is the remainder when 302280 is divided by 1497?
1383
What is the remainder when 1705868 is divided by 1170?
8
Calculate the remainder when 1343290 is divided by 31.
29
What is the remainder when 220979 is divided by 44140?
279
What is the remainder when 3400393 is divided by 802?
715
Calculate the remainder when 2880563 is divided by 288055.
13
Calculate the remainder when 6341376 is divided by 2744.
2736
Calculate the remainder when 241772 is divided by 140.
132
Calculate the remainder when 53700 is divided by 4757.
1373
Calculate the remainder when 264048 is divided by 3548.
1496
Calculate the remainder when 461265 is divided by 1159.
1142
What is the remainder when 3244390 is divided by 1081463?
1
Calculate the remainder when 22185917 is divided by 323.
16
What is the remainder when 48837752 is divided by 135?
17
Calculate the remainder when 4790615 is divided by 4379.
4368
Calculate the remainder when 235411323 is divided by 109.
99
What is the remainder when 432322 is divided by 8476?
46
Calculate the remainder when 125346 is divided by 4093.
2556
What is the remainder when 66400 is divided by 16437?
652
Calculate the remainder when 149301056 is divided by 1532.
1528
What is the remainder when 743568 is divided by 40?
8
Calculate the remainder when 199963 is divided by 22000.
1963
Calculate the remainder when 536943 is divided by 1226.
1181
Calculate the remainder when 28452 is divided by 991.
704
Calculate the remainder when 5691741 is divided by 711464.
29
What is the remainder when 4000 is divided by 489?
88
What is the remainder when 42834 is divided by 6297?
5052
Calculate the remainder when 21083767 is divided by 7027908.
43
Calculate the remainder when 2198188 is divided by 2198176.
12
What is the remainder when 8016856 is divided by 51?
13
What is the remainder when 2953610 is divided by 184599?
26
Calculate the remainder when 4423692 is divided by 15.
12
What is the remainder when 1775272 is divided by 197250?
22
What is the remainder when 1119764 is divided by 559714?
336
Calculate the remainder when 6010424 is divided by 1202026.
294
What is the remainder when 56446531 is divided by 2414?
2383
Calculate the remainder when 2010440 is divided by 670126.
62
What is the remainder when 3785424 is divided by 5007?
132
Calculate the remainder when 1306048 is divided by 40.
8
Calculate the remainder when 57063 is divided by 405.
363
What is the remainder when 66069749 is divided by 509?
22
Calculate the remainder when 36984662 is divided by 3816.
3806
What is the remainder when 1251716 is divided by 139?
21
Calculate the remainder when 602203 is divided by 60184.
363
What is the remainder when 85448 is divided by 7481?
3157
Calculate the remainder when 202218512 is divided by 49.
20
What is the remainder when 24093233 is divided by 60?
53
Calculate the remainder when 355664 is divided by 1352.
88
What is the remainder when 5323031 is divided by 423?
422
What is the remainder when 1417118 is divided by 74585?
3
Calculate the remainder when 28061761 is divided by 14030852.
57
Calculate the remainder when 2418018 is divided by 217.
204
What is the remainder when 217997 is divided by 108795?
407
What is the remainder when 1558992 is divided by 779480?
32
What is the remainder when 1086337 is divided by 2253?
391
Calculate the remainder when 19525849 is divided by 9219.
7
What is the remainder when 2760500 is divided by 53?
48
Calculate the remainder when 597433 is divided by 11713.
70
Calculate the remainder when 16289 is divided by 4071.
5
Calculate the remainder when 3532088 is divided by 7436.
7424
Calculate the remainder when 4981 is divided by 9.
4
What is the remainder when 334257140 is divided by 641?
639
What is the remainder when 6098243 is divided by 237?
233
What is the remainder when 120130 is divided by 1187?
243
Calculate the remainder when 48423 is divided by 1430.
1233
Calculate the remainder when 14588698 is divided by 32564.
26
What is the remainder when 148839346 is divided by 841?
7
What is the remainder when 4129154 is divided by 76?
74
Calculate the remainder when 459919 is divided by 673.
260
What is the remainder when 12699530 is divided by 82464?
74
What is the remainder when 466354 is divided by 1281?
70
What is the remainder when 524789 is divided by 174853?
230
Calculate the remainder when 31424610 is divided by 5237432.
18
Calculate the remainder when 245049851 is divided by 62.
59
Calculate the remainder when 608572 is divided by 170.
142
What is the remainder when 1834936 is divided by 1834908?
28
What is the remainder when 354300632 is divided by 13?
10
What is the remainder when 13411989 is divided by 3333?
3330
What is the remainder when 94765899 is divided by 391?
11
What is the remainder when 27387 is divided by 11140?
5107
What is the remainder when 9504719 is divided by 774?
773
What is the remainder when 779628 is divided by 7490?
668
Calculate the remainder when 13437100 is divided by 3568.
12
What is the remainder when 8264723 is divided by 333?
329
Calculate the remainder when 278903 is divided by 885.
128
Calculate the remainder when 24004973 is divided by 24004966.
7
Calculate the remainder when 2463882 is divided by 110.
102
Calculate the remainder when 12596575 is divided by 6404.
6311
What is the remainder when 17247 is divided by 317?
129
Calculate the remainder when 4561400 is divided by 126.
74
What is the remainder when 268713215 is divided by 72?
71
Calculate the remainder when 5634756 is divided by 256125.
6
What is the remainder when 43772 is divided by 40786?
2986
Calculate the remainder when 329926 is divided by 27417.
922
Calculate the remainder when 330547 is divided by 11017.
37
Calculate the remainder when 1101539 is divided by 271.
195
What is the remainder when 358929 is divided by 162?
99
Calculate the remainder when 714613 is divided by 170.
103
What is the remainder when 215828209 is divided by 2198?
2193
What is the remainder when 129290220 is divided by 1436?
1396
What is the remainder when 3343329 is divided by 699?
12
Calculate the remainder when 2282753 is divided by 36.
29
What is the remainder when 11156948 is divided by 182?
166
Calculate the remainder when 378866 is divided by 188312.
2242
Calculate the remainder when 81132 is divided by 2106.
1104
What is the remainder when 185941 is divided by 3728?
3269
What is the remainder when 16557263 is divided by 279?
8
Calculate the remainder when 1010529 is divided by 252622.
41
What is the remainder when 3179 is divided by 1181?
817
Calculate the remainder when 18576038 is divided by 3696.
3638
Calculate the remainder when 17516122 is divided by 685.
672
Calculate the remainder when 37726514 is divided by 12575503.
5
Calculate the remainder when 12701595 is divided by 6350791.
13
What is the remainder when 59153 is divided by 19710?
23
Calculate the remainder when 19324 is divided by 18527.
797
Calculate the remainder when 465405 is divided by 72.
69
Calculate the remainder when 543754 is divided by 23634.
172
What is the remainder when 3023325 is divided by 303?
294
Calculate the remainder when 96205 is divided by 95235.
970
What is the remainder when 21746786 